{"id":43,"date":"2024-11-08T11:18:22","date_gmt":"2024-11-08T10:18:22","guid":{"rendered":"https:\/\/portvellbcn.cat\/tinglados\/?page_id=43"},"modified":"2025-10-23T12:43:40","modified_gmt":"2025-10-23T10:43:40","slug":"reserves","status":"publish","type":"page","link":"https:\/\/portvellbcn.cat\/tinglados\/reserves\/","title":{"rendered":"RESERVES"},"content":{"rendered":"<div class=\"wpb-content-wrapper\"><p>[vc_row][vc_column width=\u00bb1\/1&#8243;][vc_column_text]Tots els camps han d&#8217;estar degudament emplenats, en cas d&#8217;error en l&#8217;enviament es mostrar\u00e0 un missatge d&#8217;av\u00eds sota el formulari, i es marcaran els camps amb errors.[\/vc_column_text][\/vc_column][\/vc_row][vc_row][vc_column width=\u00bb1\/1&#8243;]\n<div class=\"wpcf7 no-js\" id=\"wpcf7-f478-o1\" lang=\"es-ES\" dir=\"ltr\" data-wpcf7-id=\"478\">\n<div class=\"screen-reader-response\"><p role=\"status\" aria-live=\"polite\" aria-atomic=\"true\"><\/p> <ul><\/ul><\/div>\n<form action=\"\/tinglados\/wp-json\/wp\/v2\/pages\/43#wpcf7-f478-o1\" method=\"post\" class=\"wpcf7-form init\" aria-label=\"Formulario de contacto\" novalidate=\"novalidate\" data-status=\"init\">\n<fieldset class=\"hidden-fields-container\"><input type=\"hidden\" name=\"_wpcf7\" value=\"478\" \/><input type=\"hidden\" name=\"_wpcf7_version\" value=\"6.1.5\" \/><input type=\"hidden\" name=\"_wpcf7_locale\" value=\"es_ES\" \/><input type=\"hidden\" name=\"_wpcf7_unit_tag\" value=\"wpcf7-f478-o1\" \/><input type=\"hidden\" name=\"_wpcf7_container_post\" value=\"0\" \/><input type=\"hidden\" name=\"_wpcf7_posted_data_hash\" value=\"\" \/>\n<\/fieldset>\n<p class=\"bolder\">\n\t<bold> Aquesta fitxa s\u2019haur\u00e0 de complimentar sens perjudici del compliment del PAU en els casos previstos al Decret d\u2019Autoprotecci\u00f3 82\/2010 i el SOAP quan es tracti d\u2019espectacles p\u00fablics i activitats de car\u00e0cter extraordinari organitzats a la via p\u00fablica amb un aforament previst entre 4.000 i 20.000 persones segons lo previst en el Decret d\u2019Alcaldia de 23 d\u2019abril de 2014.\n\t<\/bold>\n<\/p>\n<p class=\"titulo\">1.IDENTIFICACI\u00d3 DEL TITULAR DE L\u2019ACTE\n<\/p>\n<table style=\"width:100%; border-bottom-spacing: 100px;\" class=\"tabla2\">\n\t<tr  >\n\t\t<td>\n\t\t\t<p class=\"bolderPara\">Nom\/Ra\u00f3 Social:*\n\t\t\t<\/p>\n\t\t\t<p><span class=\"wpcf7-form-control-wrap\" data-name=\"rao-social\"><input size=\"40\" maxlength=\"400\" class=\"wpcf7-form-control wpcf7-text wpcf7-validates-as-required\" aria-required=\"true\" aria-invalid=\"false\" value=\"\" type=\"text\" name=\"rao-social\" \/><\/span>\n\t\t\t<\/p>\n\t\t<\/td>\n\t\t<td>\n\t\t\t<p  class=\"bolderPara\">NIF\/CIF:*\n\t\t\t<\/p>\n\t\t\t<p><span class=\"wpcf7-form-control-wrap\" data-name=\"nif\"><input size=\"40\" maxlength=\"400\" class=\"wpcf7-form-control wpcf7-text wpcf7-validates-as-required\" aria-required=\"true\" aria-invalid=\"false\" value=\"\" type=\"text\" name=\"nif\" \/><\/span>\n\t\t\t<\/p>\n\t\t<\/td>\n\t<\/tr>\n\t<tr >\n\t\t<td>\n\t\t\t<p  class=\"bolderPara\">Adre\u00e7a:*\n\t\t\t<\/p>\n\t\t\t<p><span class=\"wpcf7-form-control-wrap\" data-name=\"adresa\"><input size=\"40\" maxlength=\"400\" class=\"wpcf7-form-control wpcf7-text wpcf7-validates-as-required\" aria-required=\"true\" aria-invalid=\"false\" value=\"\" type=\"text\" name=\"adresa\" \/><\/span>\n\t\t\t<\/p>\n\t\t<\/td>\n\t\t<td>\n\t\t\t<p  class=\"bolderPara\">E-mail:*\n\t\t\t<\/p>\n\t\t\t<p><span class=\"wpcf7-form-control-wrap\" data-name=\"email\"><input size=\"40\" maxlength=\"400\" class=\"wpcf7-form-control wpcf7-email wpcf7-validates-as-required wpcf7-text wpcf7-validates-as-email\" aria-required=\"true\" aria-invalid=\"false\" value=\"\" type=\"email\" name=\"email\" \/><\/span>\n\t\t\t<\/p>\n\t\t<\/td>\n\t<\/tr>\n\t<tr >\n\t\t<td>\n\t\t\t<p  class=\"bolderPara\">Nom Representant:*\n\t\t\t<\/p>\n\t\t\t<p><span class=\"wpcf7-form-control-wrap\" data-name=\"nom-representant\"><input size=\"40\" maxlength=\"400\" class=\"wpcf7-form-control wpcf7-text wpcf7-validates-as-required\" aria-required=\"true\" aria-invalid=\"false\" value=\"\" type=\"text\" name=\"nom-representant\" \/><\/span>\n\t\t\t<\/p>\n\t\t<\/td>\n\t\t<td>\n\t\t\t<p  class=\"bolderPara\">DNI\/NIE:*\n\t\t\t<\/p>\n\t\t\t<p><span class=\"wpcf7-form-control-wrap\" data-name=\"dni\"><input size=\"40\" maxlength=\"400\" class=\"wpcf7-form-control wpcf7-text wpcf7-validates-as-required\" aria-required=\"true\" aria-invalid=\"false\" value=\"\" type=\"text\" name=\"dni\" \/><\/span>\n\t\t\t<\/p>\n\t\t<\/td>\n\t<\/tr>\n\t<tr >\n\t\t<td>\n\t\t\t<p class=\"bolderPara\">Tipus d'activitat*\n\t\t\t<\/p>\n\t\t\t<p><span class=\"wpcf7-form-control-wrap\" data-name=\"tipus_activitat\"><span class=\"wpcf7-form-control wpcf7-checkbox wpcf7-validates-as-required wpcf7-exclusive-checkbox\"><span class=\"wpcf7-list-item first\"><input type=\"checkbox\" name=\"tipus_activitat\" value=\"Productora\" \/><span class=\"wpcf7-list-item-label\">Productora<\/span><\/span><span class=\"wpcf7-list-item\"><input type=\"checkbox\" name=\"tipus_activitat\" value=\"Localitzador\/a\" \/><span class=\"wpcf7-list-item-label\">Localitzador\/a<\/span><\/span><span class=\"wpcf7-list-item\"><input type=\"checkbox\" name=\"tipus_activitat\" value=\"Ag\u00e8ncia de publicitat\/esdeveniments\" \/><span class=\"wpcf7-list-item-label\">Ag\u00e8ncia de publicitat\/esdeveniments<\/span><\/span><span class=\"wpcf7-list-item last\"><input type=\"checkbox\" name=\"tipus_activitat\" value=\"Altres\" \/><span class=\"wpcf7-list-item-label\">Altres<\/span><\/span><\/span><\/span>\n\t\t\t<\/p>\n\t\t<\/td>\n\t<\/tr>\n<\/table>\n<p class=\"titulo\" style=\"padding-top: 5%;\">2.IDENTIFICACI\u00d3 DE L\u2019ACTE I DE L\u2019ACTIVITAT\n<\/p>\n<p class=\"bolderPara\">Tipus d\u2019acte:*\n<\/p>\n<p><span class=\"wpcf7-form-control-wrap\" data-name=\"tipus-acte\"><input size=\"40\" maxlength=\"400\" class=\"wpcf7-form-control wpcf7-text wpcf7-validates-as-required\" aria-required=\"true\" aria-invalid=\"false\" value=\"\" type=\"text\" name=\"tipus-acte\" \/><\/span>\n<\/p>\n<p class=\"bolderPara\">Nom de l\u2019acte:*<br \/>\n<span class=\"wpcf7-form-control-wrap\" data-name=\"nom-acte\"><input size=\"40\" maxlength=\"400\" class=\"wpcf7-form-control wpcf7-text wpcf7-validates-as-required\" aria-required=\"true\" aria-invalid=\"false\" value=\"\" type=\"text\" name=\"nom-acte\" \/><\/span>\n<\/p>\n<table style=\"width:100%;margin-bottom: 15px;\" class=\"tabla1 hora\">\n\t<tr>\n\t\t<td>\n\t\t\t<p class=\"bolderPara\">Data inici:*\n\t\t\t<\/p>\n\t\t\t<p><span class=\"wpcf7-form-control-wrap\" data-name=\"data-inici\"><input class=\"wpcf7-form-control wpcf7-date wpcf7-validates-as-required wpcf7-validates-as-date\" aria-required=\"true\" aria-invalid=\"false\" value=\"\" type=\"date\" name=\"data-inici\" \/><\/span>\n\t\t\t<\/p>\n\t\t<\/td>\n\t\t<td>\n\t\t\t<p class=\"bolderPara\">Hora inici:*\n\t\t\t<\/p>\n\t\t\t<p><span class=\"wpcf7-form-control-wrap\" data-name=\"hora-inici\"><input size=\"40\" maxlength=\"400\" class=\"wpcf7-form-control wpcf7-text wpcf7-validates-as-required\" aria-required=\"true\" aria-invalid=\"false\" value=\"\" type=\"text\" name=\"hora-inici\" \/><\/span>\n\t\t\t<\/p>\n\t\t<\/td>\n\t\t<td>\n\t\t\t<p class=\"bolderPara\">Data fi:*\n\t\t\t<\/p>\n\t\t\t<p><span class=\"wpcf7-form-control-wrap\" data-name=\"data-fi\"><input class=\"wpcf7-form-control wpcf7-date wpcf7-validates-as-required wpcf7-validates-as-date\" aria-required=\"true\" aria-invalid=\"false\" value=\"\" type=\"date\" name=\"data-fi\" \/><\/span>\n\t\t\t<\/p>\n\t\t<\/td>\n\t\t<td>\n\t\t\t<p class=\"bolderPara\">Hora fi:*\n\t\t\t<\/p>\n\t\t\t<p><span class=\"wpcf7-form-control-wrap\" data-name=\"hora-fi\"><input size=\"40\" maxlength=\"400\" class=\"wpcf7-form-control wpcf7-text wpcf7-validates-as-required\" aria-required=\"true\" aria-invalid=\"false\" value=\"\" type=\"text\" name=\"hora-fi\" \/><\/span>\n\t\t\t<\/p>\n\t\t<\/td>\n\t<\/tr>\n<\/table>\n<table style=\"width:100%;margin-bottom: 15px;\" class=\"tabla1\">\n\t<tr>\n\t\t<td style=\"padding-bottom: 15px;\">\n\t\t\t<p class=\"bolderPara\">Aforament m\u00e0xim:*\n\t\t\t<\/p>\n\t\t\t<p><span class=\"wpcf7-form-control-wrap\" data-name=\"aforament-maxim\"><input class=\"wpcf7-form-control wpcf7-number wpcf7-validates-as-required wpcf7-validates-as-number\" aria-required=\"true\" aria-invalid=\"false\" value=\"\" type=\"number\" name=\"aforament-maxim\" \/><\/span>\n\t\t\t<\/p>\n\t\t<\/td>\n\t\t<td  style=\"padding-bottom: 15px;\">\n\t\t\t<p class=\"bolderPara\">P\u00fablic total estimat:*\n\t\t\t<\/p>\n\t\t\t<p><span class=\"wpcf7-form-control-wrap\" data-name=\"public-total-estimat\"><input class=\"wpcf7-form-control wpcf7-number wpcf7-validates-as-required wpcf7-validates-as-number\" aria-required=\"true\" aria-invalid=\"false\" value=\"\" type=\"number\" name=\"public-total-estimat\" \/><\/span>\n\t\t\t<\/p>\n\t\t<\/td>\n\t<\/tr>\n<\/table>\n<p class=\"bolderPara\">Definici\u00f3 de l'activitat:*<br \/>\n<span class=\"wpcf7-form-control-wrap\" data-name=\"definicio\"><textarea cols=\"40\" rows=\"10\" maxlength=\"2000\" class=\"wpcf7-form-control wpcf7-textarea wpcf7-validates-as-required\" aria-required=\"true\" aria-invalid=\"false\" name=\"definicio\"><\/textarea><\/span>\n<\/p>\n<p class=\"titulo\" style=\"padding-top: 5%;\">3.ESPAI SOL\u00b7LICITAT\n<\/p>\n<p class=\"bolderPara\" >Llistat d\u2019espais. TRIA UN*\n<\/p>\n<p><span class=\"wpcf7-form-control-wrap\" data-name=\"llista-espais\"><span class=\"wpcf7-form-control wpcf7-checkbox wpcf7-validates-as-required wpcf7-exclusive-checkbox colum2\"><span class=\"wpcf7-list-item first\"><input type=\"checkbox\" name=\"llista-espais\" value=\"Carbonera i Fusteria\" \/><span class=\"wpcf7-list-item-label\">Carbonera i Fusteria<\/span><\/span><span class=\"wpcf7-list-item\"><input type=\"checkbox\" name=\"llista-espais\" value=\"Carbonera, Fusteria i Taller\" \/><span class=\"wpcf7-list-item-label\">Carbonera, Fusteria i Taller<\/span><\/span><span class=\"wpcf7-list-item last\"><input type=\"checkbox\" name=\"llista-espais\" value=\"El Taller\" \/><span class=\"wpcf7-list-item-label\">El Taller<\/span><\/span><\/span><\/span>\n<\/p>\n<p class=\"titulo\">\n<\/p>\n<table border=\"1\" style=\"width:100%; border-bottom-spacing: 100px;\" class=\"tabla2 cuadrados tablemove2\">\n\t<tr>\n\t\t<td>\n\t\t\t<p><a download=\"TINGLADOS-planols-CAT-scaled\"  href=\"https:\/\/pro.dortoka.com\/tinglados\/wp-content\/uploads\/2024\/10\/TINGLADOS-planols-CAT.svg\" class=\"btn planolButton\" download target=\"_blank\">Descarrega pl\u00e0nol SVG<\/a>\n\t\t\t<\/p>\n\t\t<\/td>\n\t\t<td>\n\t\t\t<p><a download=\"TINGLADOS-planols-CAT-scaled\" href=\"https:\/\/pro.dortoka.com\/tinglados\/wp-content\/themes\/unicon-child\/download2.php\"  class=\"btn planolButton download-link\" download target=\"_blank\">Descarrega pl\u00e0nol JPG<\/a>\n\t\t\t<\/p>\n\t\t<\/td>\n\t\t<td>\n\t\t\t<p><a download=\"TINGLADOS-planols-CAT-scaled\"  href=\"https:\/\/pro.dortoka.com\/tinglados\/wp-content\/uploads\/2024\/10\/TINGLADOS-planols-CAT.pdf\" class=\"btn planolButton\" download target=\"_blank\">Descarrega pl\u00e0nol PDF<\/a>\n\t\t\t<\/p>\n\t\t<\/td>\n\t<\/tr>\n<\/table>\n<p class=\"titulo\">\n<\/p>\n<p class=\"bolderPara\">Adjunta pl\u00e0nol i croquis de l\u2019activitat. (obligatori) HI HA DE CONSTAR UBICACI\u00d3 I \u00c0REA D\u2019AFECTACI\u00d3.*\n<\/p>\n<p class=\"titulo\"  style=\"padding-top: 5%;\">4.DESCRIPCI\u00d3 DE LES INSTAL\u00b7LACIONS\n<\/p>\n<table border=\"1\" style=\"width:100%; border-bottom-spacing: 100px;\" class=\"tabla2 cuadrados tablemove2\">\n\t<tr>\n\t\t<td>\n\t\t\t<div style=\"text-align: center;\">\n\t\t\t\t<p class=\"bolderPara\">Tarimes\n\t\t\t\t<\/p>\n\t\t\t\t<p><span class=\"wpcf7-form-control-wrap\" data-name=\"tarimesSN\"><span class=\"wpcf7-form-control wpcf7-checkbox wpcf7-exclusive-checkbox\"><span class=\"wpcf7-list-item first\"><input type=\"checkbox\" name=\"tarimesSN\" value=\"SI\" \/><span class=\"wpcf7-list-item-label\">SI<\/span><\/span><span class=\"wpcf7-list-item last\"><input type=\"checkbox\" name=\"tarimesSN\" value=\"NO\" \/><span class=\"wpcf7-list-item-label\">NO<\/span><\/span><\/span><\/span>\n\t\t\t\t<\/p>\n\t\t\t<\/div>\n\t\t\t<p class=\"bolderPara\">Superf\u00edcie m<sup>2<\/sup>:\n\t\t\t<\/p>\n\t\t\t<p><span class=\"wpcf7-form-control-wrap\" data-name=\"tarimasup\"><input size=\"40\" maxlength=\"400\" class=\"wpcf7-form-control wpcf7-text\" aria-invalid=\"false\" value=\"\" type=\"text\" name=\"tarimasup\" \/><\/span>\n\t\t\t<\/p>\n\t\t<\/td>\n\t\t<td>\n\t\t\t<div style=\"text-align: center;\">\n\t\t\t\t<p class=\"bolderPara\">Escenari\n\t\t\t\t<\/p>\n\t\t\t\t<p><span class=\"wpcf7-form-control-wrap\" data-name=\"escenariSN\"><span class=\"wpcf7-form-control wpcf7-checkbox wpcf7-exclusive-checkbox\"><span class=\"wpcf7-list-item first\"><input type=\"checkbox\" name=\"escenariSN\" value=\"SI\" \/><span class=\"wpcf7-list-item-label\">SI<\/span><\/span><span class=\"wpcf7-list-item last\"><input type=\"checkbox\" name=\"escenariSN\" value=\"NO\" \/><span class=\"wpcf7-list-item-label\">NO<\/span><\/span><\/span><\/span>\n\t\t\t\t<\/p>\n\t\t\t<\/div>\n\t\t\t<p class=\"bolderPara\">Superf\u00edcie m<sup>2<\/sup>:\n\t\t\t<\/p>\n\t\t\t<p><span class=\"wpcf7-form-control-wrap\" data-name=\"escenarisup\"><input size=\"40\" maxlength=\"400\" class=\"wpcf7-form-control wpcf7-text\" aria-invalid=\"false\" value=\"\" type=\"text\" name=\"escenarisup\" \/><\/span>\n\t\t\t<\/p>\n\t\t<\/td>\n\t\t<td>\n\t\t\t<div style=\"text-align: center;\">\n\t\t\t\t<p class=\"bolderPara\">Taules de so, llum\n\t\t\t\t<\/p>\n\t\t\t\t<p><span class=\"wpcf7-form-control-wrap\" data-name=\"taulessoSN\"><span class=\"wpcf7-form-control wpcf7-checkbox wpcf7-exclusive-checkbox\"><span class=\"wpcf7-list-item first\"><input type=\"checkbox\" name=\"taulessoSN\" value=\"SI\" \/><span class=\"wpcf7-list-item-label\">SI<\/span><\/span><span class=\"wpcf7-list-item last\"><input type=\"checkbox\" name=\"taulessoSN\" value=\"NO\" \/><span class=\"wpcf7-list-item-label\">NO<\/span><\/span><\/span><\/span>\n\t\t\t\t<\/p>\n\t\t\t<\/div>\n\t\t\t<p class=\"bolderPara\">Pot\u00e8ncia KW:\n\t\t\t<\/p>\n\t\t\t<p><span class=\"wpcf7-form-control-wrap\" data-name=\"potenciaTaules\"><input size=\"40\" maxlength=\"400\" class=\"wpcf7-form-control wpcf7-text\" aria-invalid=\"false\" value=\"\" type=\"text\" name=\"potenciaTaules\" \/><\/span>\n\t\t\t<\/p>\n\t\t<\/td>\n\t<\/tr>\n\t<tr  >\n\t\t<td>\n\t\t\t<div style=\"text-align: center;\">\n\t\t\t\t<p class=\"bolderPara\">Unitats:\n\t\t\t\t<\/p>\n\t\t\t\t<p><span class=\"wpcf7-form-control-wrap\" data-name=\"unitats\"><input size=\"40\" maxlength=\"400\" class=\"wpcf7-form-control wpcf7-text\" aria-invalid=\"false\" value=\"\" type=\"text\" name=\"unitats\" \/><\/span>\n\t\t\t\t<\/p>\n\t\t\t<\/div>\n\t\t<\/td>\n\t<\/tr>\n<\/table>\n<p><input class=\"wpcf7-form-control wpcf7-submit has-spinner\" type=\"submit\" value=\"Enviar\" \/>\n<\/p><div class=\"wpcf7-response-output\" aria-hidden=\"true\"><\/div>\n<\/form>\n<\/div>\n[\/vc_column][\/vc_row]<\/p>\n<\/div>","protected":false},"excerpt":{"rendered":"<p>[vc_row][vc_column width=\u00bb1\/1&#8243;][vc_column_text]Tots els camps han d&#8217;estar degudament emplenats, en cas d&#8217;error en l&#8217;enviament es mostrar\u00e0 un missatge d&#8217;av\u00eds sota el formulari, i es marcaran els camps amb errors.[\/vc_column_text][\/vc_column][\/vc_row][vc_row][vc_column width=\u00bb1\/1&#8243;][\/vc_column][\/vc_row]<\/p>\n","protected":false},"author":1,"featured_media":0,"parent":0,"menu_order":0,"comment_status":"closed","ping_status":"closed","template":"","meta":{"_acf_changed":false,"footnotes":""},"class_list":["post-43","page","type-page","status-publish","hentry"],"acf":[],"_links":{"self":[{"href":"https:\/\/portvellbcn.cat\/tinglados\/wp-json\/wp\/v2\/pages\/43","targetHints":{"allow":["GET"]}}],"collection":[{"href":"https:\/\/portvellbcn.cat\/tinglados\/wp-json\/wp\/v2\/pages"}],"about":[{"href":"https:\/\/portvellbcn.cat\/tinglados\/wp-json\/wp\/v2\/types\/page"}],"author":[{"embeddable":true,"href":"https:\/\/portvellbcn.cat\/tinglados\/wp-json\/wp\/v2\/users\/1"}],"replies":[{"embeddable":true,"href":"https:\/\/portvellbcn.cat\/tinglados\/wp-json\/wp\/v2\/comments?post=43"}],"version-history":[{"count":4,"href":"https:\/\/portvellbcn.cat\/tinglados\/wp-json\/wp\/v2\/pages\/43\/revisions"}],"predecessor-version":[{"id":479,"href":"https:\/\/portvellbcn.cat\/tinglados\/wp-json\/wp\/v2\/pages\/43\/revisions\/479"}],"wp:attachment":[{"href":"https:\/\/portvellbcn.cat\/tinglados\/wp-json\/wp\/v2\/media?parent=43"}],"curies":[{"name":"wp","href":"https:\/\/api.w.org\/{rel}","templated":true}]}}