{"id":14195,"date":"2023-07-26T10:47:48","date_gmt":"2023-07-26T08:47:48","guid":{"rendered":"https:\/\/portvellbcn.cat\/rodajes-y-sesiones\/"},"modified":"2024-09-06T13:11:16","modified_gmt":"2024-09-06T11:11:16","slug":"rodajes-y-sesiones","status":"publish","type":"page","link":"https:\/\/portvellbcn.cat\/es\/rodajes-y-sesiones\/","title":{"rendered":"Rodajes y sesiones"},"content":{"rendered":"<div class=\"wpb-content-wrapper\"><p>[vc_row type=\u00bbfull_width_section\u00bb top_padding=\u00bb100&#8243; full_width=\u00bbstretch_row\u00bb css=\u00bb.vc_custom_1615275997084{padding-top: 60px !important;padding-bottom: 60px !important;}\u00bb][vc_column width=\u00bb1\/6&#8243;][\/vc_column][vc_column width=\u00bb2\/3&#8243;][vc_column_text]<\/p>\n<p style=\"text-align: center; letter-spacing: 4px;\"><span style=\"color: #999999; font-size: 14px; letter-spacing: 4px;\">RODAJES Y SESIONES<\/span><\/p>\n<p>[\/vc_column_text][vc_column_text]<\/p>\n<p style=\"text-align: center;\"><span class=\"s1\" style=\"font-size: 60px; color: #333333;\"><span style=\"font-family: 'Poppins', sans-serif; font-weight: 300; letter-spacing: 1px;\"><span style=\"line-height: 1.2em; display: inline-block; width: 100%;\"><span style=\"font-family: 'Poppins', sans-serif; font-weight: 400;\"><span style=\"font-family: 'Poppins', sans-serif; font-weight: 500;\"><span class=\"titulofuente\" style=\"font-family: 'Playfair Display', sans-serif; font-weight: 400;\">Un rodaje o una sesi\u00f3n de fotos en el Port Vell<\/span><\/span><\/span><\/span><\/span><\/span><\/p>\n<p>[\/vc_column_text][vc_zigzag color=\u00bbsandy_brown\u00bb el_width=\u00bb10&#8243;][\/vc_column][vc_column width=\u00bb1\/6&#8243;][\/vc_column][\/vc_row][vc_row type=\u00bbfull_width_section\u00bb top_padding=\u00bb50&#8243; full_width=\u00bbstretch_row_content\u00bb columns_placement=\u00bbstretch\u00bb equal_height=\u00bbyes\u00bb css=\u00bb.vc_custom_1595315379961{padding-top: -10px !important;background-color: #f7f7f7 !important;}\u00bb][vc_column bg_color=\u00bb#E5E5E5&#8243; column_padding=\u00bbpadding-7&#8243; text_align=\u00bbcenter\u00bb css_animation=\u00bbfadeInLeft\u00bb css=\u00bb.vc_custom_1609833150258{margin-right: 10% !important;margin-left: 10% !important;padding-top: 90px !important;padding-bottom: 90px !important;}\u00bb offset=\u00bbvc_col-lg-6 vc_col-md-6&#8243; width=\u00bb1\/2&#8243;]<div class=\"spacer\" style=\"height: 100px;\"><\/div>[vc_column_text]<\/p>\n<p style=\"text-align: justify;\"><span style=\"font-size: 15px;\">El Port Vell ha sido y es un plat\u00f3 inmejorable en Barcelona.<br \/>\nTanto los rodajes publicitarios como los largometrajes encuentran espacios \u00fanicos y f\u00e1ciles de trabajar. Pel\u00edculas de gran renombre como \u201cVicky Cristina Barcelona\u201d, \u201cBarcelona Ciudad Neutral\u201d, \u201cEl Perfume\u201d, las \u201cCheetah Girls\u201d, \u201cThe Gunman\u201d etc\u2026 o sesiones publicitarias de ropa, autom\u00f3viles etc. son ejemplos de la gran proyecci\u00f3n que aporta el Port Vell.<\/span><\/p>\n<p>[\/vc_column_text]<a href=\"https:\/\/portvellbcn.cat\/es\/formulario-de-reserva-de-espacio\/\" target=\"_self\" class=\"button orange large \" style=\"border-radius: 20px;\">Rellena el formulario F01<\/a>[\/vc_column][vc_column bg_image=\u00bb6753&#8243; css_animation=\u00bbfadeInRight\u00bb css=\u00bb.vc_custom_1614941153493{padding-top: 200px !important;padding-bottom: 200px !important;background-image: url(https:\/\/portvellbcn.cat\/wp-content\/uploads\/2020\/11\/Barceloneta.png?id=7012) !important;background-position: center !important;background-repeat: no-repeat !important;background-size: cover !important;}\u00bb offset=\u00bbvc_col-lg-6 vc_col-md-6&#8243; width=\u00bb1\/2&#8243;]<div class=\"spacer\" style=\"height: 595px;\"><\/div>[\/vc_column][\/vc_row]<\/p>\n<\/div>","protected":false},"excerpt":{"rendered":"<p>[vc_row type=\u00bbfull_width_section\u00bb top_padding=\u00bb100&#8243; full_width=\u00bbstretch_row\u00bb css=\u00bb.vc_custom_1615275997084{padding-top: 60px !important;padding-bottom: 60px !important;}\u00bb][vc_column width=\u00bb1\/6&#8243;][\/vc_column][vc_column width=\u00bb2\/3&#8243;][vc_column_text] RODAJES Y SESIONES [\/vc_column_text][vc_column_text] Un rodaje o una sesi\u00f3n de fotos en el Port Vell [\/vc_column_text][vc_zigzag color=\u00bbsandy_brown\u00bb el_width=\u00bb10&#8243;][\/vc_column][vc_column width=\u00bb1\/6&#8243;][\/vc_column][\/vc_row][vc_row type=\u00bbfull_width_section\u00bb top_padding=\u00bb50&#8243; full_width=\u00bbstretch_row_content\u00bb columns_placement=\u00bbstretch\u00bb equal_height=\u00bbyes\u00bb css=\u00bb.vc_custom_1595315379961{padding-top: -10px !important;background-color: #f7f7f7 !important;}\u00bb][vc_column bg_color=\u00bb#E5E5E5&#8243; column_padding=\u00bbpadding-7&#8243; text_align=\u00bbcenter\u00bb css_animation=\u00bbfadeInLeft\u00bb css=\u00bb.vc_custom_1609833150258{margin-right: 10% !important;margin-left: 10% !important;padding-top: 90px !important;padding-bottom: 90px !important;}\u00bb offset=\u00bbvc_col-lg-6 vc_col-md-6&#8243; width=\u00bb1\/2&#8243;][vc_column_text] El Port Vell ha sido y es un plat\u00f3 inmejorable en Barcelona. Tanto los rodajes publicitarios como los largometrajes encuentran espacios \u00fanicos y f\u00e1ciles de trabajar. Pel\u00edculas de gran renombre como \u201cVicky Cristina Barcelona\u201d, \u201cBarcelona Ciudad Neutral\u201d, \u201cEl Perfume\u201d, las \u201cCheetah Girls\u201d, \u201cThe Gunman\u201d etc\u2026 o sesiones publicitarias de ropa, autom\u00f3viles etc. son ejemplos de la gran proyecci\u00f3n que aporta el Port Vell. [\/vc_column_text][\/vc_column][vc_column bg_image=\u00bb6753&#8243; css_animation=\u00bbfadeInRight\u00bb css=\u00bb.vc_custom_1614941153493{padding-top: 200px !important;padding-bottom: 200px !important;background-image: url(https:\/\/portvellbcn.cat\/wp-content\/uploads\/2020\/11\/Barceloneta.png?id=7012) !important;background-position: center !important;background-repeat: no-repeat !important;background-size: cover !important;}\u00bb offset=\u00bbvc_col-lg-6 vc_col-md-6&#8243; width=\u00bb1\/2&#8243;][\/vc_column][\/vc_row]<\/p>\n","protected":false},"author":1,"featured_media":0,"parent":0,"menu_order":0,"comment_status":"closed","ping_status":"closed","template":"","meta":{"_acf_changed":false,"footnotes":""},"class_list":["post-14195","page","type-page","status-publish","hentry"],"acf":[],"_links":{"self":[{"href":"https:\/\/portvellbcn.cat\/es\/wp-json\/wp\/v2\/pages\/14195","targetHints":{"allow":["GET"]}}],"collection":[{"href":"https:\/\/portvellbcn.cat\/es\/wp-json\/wp\/v2\/pages"}],"about":[{"href":"https:\/\/portvellbcn.cat\/es\/wp-json\/wp\/v2\/types\/page"}],"author":[{"embeddable":true,"href":"https:\/\/portvellbcn.cat\/es\/wp-json\/wp\/v2\/users\/1"}],"replies":[{"embeddable":true,"href":"https:\/\/portvellbcn.cat\/es\/wp-json\/wp\/v2\/comments?post=14195"}],"version-history":[{"count":0,"href":"https:\/\/portvellbcn.cat\/es\/wp-json\/wp\/v2\/pages\/14195\/revisions"}],"wp:attachment":[{"href":"https:\/\/portvellbcn.cat\/es\/wp-json\/wp\/v2\/media?parent=14195"}],"curies":[{"name":"wp","href":"https:\/\/api.w.org\/{rel}","templated":true}]}}

<div class="wpb-content-wrapper"><p>[vc_row type=»full_width_section» top_padding=»100&#8243; full_width=»stretch_row» css=».vc_custom_1615275997084{padding-top: 60px !important;padding-bottom: 60px !important;}»][vc_column width=»1/6&#8243;][/vc_column][vc_column width=»2/3&#8243;][vc_column_text]</p>
<p style="text-align: center; letter-spacing: 4px;"><span style="color: #999999; font-size: 14px; letter-spacing: 4px;">RODAJES Y SESIONES</span></p>
<p>[/vc_column_text][vc_column_text]</p>
<p style="text-align: center;"><span class="s1" style="font-size: 60px; color: #333333;"><span style="font-family: 'Poppins', sans-serif; font-weight: 300; letter-spacing: 1px;"><span style="line-height: 1.2em; display: inline-block; width: 100%;"><span style="font-family: 'Poppins', sans-serif; font-weight: 400;"><span style="font-family: 'Poppins', sans-serif; font-weight: 500;"><span class="titulofuente" style="font-family: 'Playfair Display', sans-serif; font-weight: 400;">Un rodaje o una sesión de fotos en el Port Vell</span></span></span></span></span></span></p>
<p>[/vc_column_text][vc_zigzag color=»sandy_brown» el_width=»10&#8243;][/vc_column][vc_column width=»1/6&#8243;][/vc_column][/vc_row][vc_row type=»full_width_section» top_padding=»50&#8243; full_width=»stretch_row_content» columns_placement=»stretch» equal_height=»yes» css=».vc_custom_1595315379961{padding-top: -10px !important;background-color: #f7f7f7 !important;}»][vc_column bg_color=»#E5E5E5&#8243; column_padding=»padding-7&#8243; text_align=»center» css_animation=»fadeInLeft» css=».vc_custom_1609833150258{margin-right: 10% !important;margin-left: 10% !important;padding-top: 90px !important;padding-bottom: 90px !important;}» offset=»vc_col-lg-6 vc_col-md-6&#8243; width=»1/2&#8243;]<div class="spacer" style="height: 100px;"></div>[vc_column_text]</p>
<p style="text-align: justify;"><span style="font-size: 15px;">El Port Vell ha sido y es un plató inmejorable en Barcelona.<br />
Tanto los rodajes publicitarios como los largometrajes encuentran espacios únicos y fáciles de trabajar. Películas de gran renombre como “Vicky Cristina Barcelona”, “Barcelona Ciudad Neutral”, “El Perfume”, las “Cheetah Girls”, “The Gunman” etc… o sesiones publicitarias de ropa, automóviles etc. son ejemplos de la gran proyección que aporta el Port Vell.</span></p>
<p>[/vc_column_text]<a href="https://portvellbcn.cat/es/formulario-de-reserva-de-espacio/" target="_self" class="button orange large " style="border-radius: 20px;">Rellena el formulario F01</a>[/vc_column][vc_column bg_image=»6753&#8243; css_animation=»fadeInRight» css=».vc_custom_1614941153493{padding-top: 200px !important;padding-bottom: 200px !important;background-image: url(https://portvellbcn.cat/wp-content/uploads/2020/11/Barceloneta.png?id=7012) !important;background-position: center !important;background-repeat: no-repeat !important;background-size: cover !important;}» offset=»vc_col-lg-6 vc_col-md-6&#8243; width=»1/2&#8243;]<div class="spacer" style="height: 595px;"></div>[/vc_column][/vc_row]</p>
</div>

<p>[vc_row type=»full_width_section» top_padding=»100&#8243; full_width=»stretch_row» css=».vc_custom_1615275997084{padding-top: 60px !important;padding-bottom: 60px !important;}»][vc_column width=»1/6&#8243;][/vc_column][vc_column width=»2/3&#8243;][vc_column_text] RODAJES Y SESIONES [/vc_column_text][vc_column_text] Un rodaje o una sesión de fotos en el Port Vell [/vc_column_text][vc_zigzag color=»sandy_brown» el_width=»10&#8243;][/vc_column][vc_column width=»1/6&#8243;][/vc_column][/vc_row][vc_row type=»full_width_section» top_padding=»50&#8243; full_width=»stretch_row_content» columns_placement=»stretch» equal_height=»yes» css=».vc_custom_1595315379961{padding-top: -10px !important;background-color: #f7f7f7 !important;}»][vc_column bg_color=»#E5E5E5&#8243; column_padding=»padding-7&#8243; text_align=»center» css_animation=»fadeInLeft» css=».vc_custom_1609833150258{margin-right: 10% !important;margin-left: 10% !important;padding-top: 90px !important;padding-bottom: 90px !important;}» offset=»vc_col-lg-6 vc_col-md-6&#8243; width=»1/2&#8243;][vc_column_text] El Port Vell ha sido y es un plató inmejorable en Barcelona. Tanto los rodajes publicitarios como los largometrajes encuentran espacios únicos y fáciles de trabajar. Películas de gran renombre como “Vicky Cristina Barcelona”, “Barcelona Ciudad Neutral”, “El Perfume”, las “Cheetah Girls”, “The Gunman” etc… o sesiones publicitarias de ropa, automóviles etc. son ejemplos de la gran proyección que aporta el Port Vell. [/vc_column_text][/vc_column][vc_column bg_image=»6753&#8243; css_animation=»fadeInRight» css=».vc_custom_1614941153493{padding-top: 200px !important;padding-bottom: 200px !important;background-image: url(https://portvellbcn.cat/wp-content/uploads/2020/11/Barceloneta.png?id=7012) !important;background-position: center !important;background-repeat: no-repeat !important;background-size: cover !important;}» offset=»vc_col-lg-6 vc_col-md-6&#8243; width=»1/2&#8243;][/vc_column][/vc_row]</p>
